{"id":762,"date":"2018-09-23T14:03:07","date_gmt":"2018-09-23T14:03:07","guid":{"rendered":"http:\/\/vassallolorna.com\/web\/?page_id=762"},"modified":"2018-09-23T14:05:16","modified_gmt":"2018-09-23T14:05:16","slug":"european-parliament","status":"publish","type":"page","link":"http:\/\/vassallolorna.com\/web\/european-parliament\/","title":{"rendered":"European Parliament"},"content":{"rendered":"[vc_row][vc_column][vc_tta_tour][vc_tta_section title=&#8221;Maltese&#8221; tab_id=&#8221;1537711279219-f63557b4-050a&#8221;]<div class=\"title title--underline title--decoration-bottom-left\">\n\t\t<h3 class=\"title__primary\">Il-Parlament Ewropew<\/h3>\n<\/div>\n[vc_column_text]Il-Parlament Ewropew (PE) huwa l-unika istituzzjoni tal-Unjoni Ewropea eletta direttament mill-poplu.\u00a0 Kull Stat Membru jivvota sabiex itella\u2019 l-Membri Parlamentari Ewropej tieg\u0127u.\u00a0 G\u0127alhekk dan jag\u0127milha, l-aktar istituzzjoni demokratika.\u00a0 Il-PE g\u0127andu tliet rwoli prin\u010bipali li jinkludu: id-dibattiti u l-pro\u010bess sabiex tg\u0127addi le\u0121islazzjoni tal-UE, flimkien mal-Kunsill; l-iskrutinizzar ta\u2019 istituzzjonijiet o\u0127ra tal-UE, partikularment tal-Kummissjoni, sabiex jassigura li qed ja\u0127dmu b\u2019mod demokratiku kif ukoll sabiex jiddiskuti u jaddotta l-Ba\u0121it tal-UE, flimkien mal-Kunsill.\u00a0 Ba\u017cikament, il-PE je\u017cer\u010bita l-funzjoni le\u0121islattiva tal-UE.\u00a0 F\u2019\u010berti pro\u010beduri le\u0121islattivi spe\u010bjali, il-PE jista\u2019 jkun ikkonsultat jew inkella jista\u2019 jkun hemm b\u017conn il-kunsens tieg\u0127u, per\u00f2 m\u2019g\u0127andux is-setga li jibdel l-att.\n<p>Barra minn hekk, il-PE jiskrutinizza dak kollu li tag\u0127mel il-Kummissjoni, billi jag\u0127mel il-mistoqsijiet, jistabilixxi Kumitati ta\u2019 Inkjesta kif ukoll ja\u0127tar il-President tal-Kummissjoni.\u00a0 Il-PE jag\u0127ti wkoll l-opinjoni tieg\u0127u dwar is-su\u0121\u0121etti li huma parti mill-a\u0121enda tal-Laqg\u0127at G\u0127olja tal-Kunsill Ewropew.\u00a0 G\u0127alhekk, wie\u0127ed irid jifhem li g\u0127alkemm il-PE, il-Kummissjoni u l-Kunsill huma istituzzjonijiet separati, il-\u0127idmiet tag\u0127hom huma mag\u0127\u0121una sewwa flimkien u je\u0127ti\u0121ilhom ja\u0127dmu flimkien mill-qrib.<\/p>\n<p>L-elezzjonijiet tal-PE li jmiss se jsiru mit-23 sas-26 ta\u2019 Mejju 2019 fis-27 stat kollha tal-UE.\u00a0 F\u2019Malta dawn l-elezzjonijiet se jsiru fil-25 ta\u2019 Mejju 2019.\u00a0 Tajjeb li l-votanti jiftakru li f\u2019dawn l-elezzjonijiet m\u2019hemmx distretti, u g\u0127alhekk l-elettorat jista\u2019 jivvota lil liema kandidat\/a j\/trid ikun minn fejn ikun f\u2019Malta. Fil-fatt kemm jekk inti mill-Mellie\u0127a, minn l-Isla jew minn G\u0127awdex dan dejjem jippermettilek tivvota g\u0127all-istess kandidati.<\/p>\n<p>Il-barranin kollha li huma \u010bittadini tal-UE u li joqog\u0127du f\u2019Malta, fil-bidu jkunu mlew karta fejn idde\u010bidew jekk g\u0127al tali elezzjonijiet jivvutawx g\u0127all-kandidati tal-pajji\u017c li huma \u010bittadini tieg\u0127u jew inkella g\u0127al dawk tal-pajji\u017c li qed jg\u0127ixu fih. \u0126afna barranin jag\u0127\u017clu li jivvutaw g\u0127all-kandidati tal-pajji\u017c li qed jg\u0127ixu fih. G\u0127alhekk, f\u2019din l-elezzjoni f\u2019Malta jivvutaw ukoll \u0127afna \u010bittadini tal-UE allavolja mhumiex \u010bittadini Maltin.<\/p>\n<p>Maltin li joqog\u0127du f\u2019pajji\u017ci tal-UE, jekk idde\u010bidew li jibqg\u0127u jivvutaw Malta, ukoll jivvutaw g\u0127all-elezzjonijiet tal-PE f\u2019Malta skont kif idde\u010bidew ori\u0121inarjament.<\/p>\n<p>Barranin li mhumiex \u0121ejjin minn pajji\u017ci Membri tal-UE, inklu\u017ci dawk mir-Renju Unit, jistg\u0127u jivvutaw biss jekk huma eli\u0121ibbli jivvutaw fl-elezzjoni \u0121enerali.<\/p>\n<p>Fl-elezzjoni tal-PE tal-2019 se jivvutaw ukoll dawk li g\u0127andhom minn sittax sa tmintax-il sena g\u0127all-ewwel darba. Malta hija t-tieni pajji\u017c fl-Ewropa li ni\u017c\u017clet l-et\u00e0 tal-eli\u0121ibbilit\u00e0 tal-vot g\u0127al sittax.<\/p>\n<p>Fl-istess \u0121urnata tal-elezzjoni tal-PE jsiru wkoll l-elezzjonijiet tal-Kunsilli Lokali.\u00a0 Kull min hu eli\u0121ibbli li jivvota fl-elezzjoni tal-PE huwa wkoll eli\u0121ibbli jivvota g\u0127all-Kunsilli Lokali, inklu\u017ci \u010bittadini tal-UE li joqog\u0127du Malta, u \u017cg\u0127a\u017cag\u0127 minn sittax-il sena \u2019l fuq.<\/p>\n<p>G\u0127all-elezzjoni tal-Parlament Ewropew, fi kliem ie\u0127or, jistg\u0127u jivvutaw dawk kollha li isimhom jidher fl-a\u0127\u0127ar Re\u0121istru Elettorali ma\u0127ru\u0121 mill-Kummissjoni Elettorali ta\u2019 Malta.<\/p>\n<p>Fi kwalunkwe ka\u017c jekk g\u0127andek dubju jekk inti, membri tal-familja tieg\u0127ek jew \u0127bieb g\u0127andhomx dritt jivvutaw tista\u2019 tikkuntattja lil Lorna Vassallo fuq <a href=\"http:\/\/www.facebook.com\/lejnmaltaaaa\">www.facebook.com\/lejnmaltaaaa<\/a> (Lorna Vassallo Page), \u010bempel 79443906 jew ibg\u0127at imejl lil\u00a0 <a href=\"mailto:vassallolorna@gmail.com\">vassallolorna@gmail.com<\/a> bl-isem, il-kunjom, il-lokalit\u00e0 u n-Numru tal-Identit\u00e0 tal-persuna li tixtieq tkun taf hix intitolata tivvota.<\/p>\n<p>G\u0127al aktar informazzjoni<\/p>\n<p><a href=\"https:\/\/www.gov.mt\/en\/Life%20Events\/resformalities\/Pages\/Elections.aspx\">https:\/\/www.gov.mt\/en\/Life%20Events\/resformalities\/Pages\/Elections.aspx<\/a>[\/vc_column_text][\/vc_tta_section][vc_tta_section title=&#8221;English&#8221; tab_id=&#8221;1537711410165-e1dd0546-7f97&#8243;]<div class=\"title title--underline title--decoration-bottom-left\">\n\t\t<h3 class=\"title__primary\">European Parliament<\/h3>\n<\/div>\n[vc_column_text]The European Parliament (EP) is the only directly elected institution of the EU. Each Member State votes to elect its MEPs, making it the most democratic institution as well. The EP has three main roles which include: debating and passing European Union legislation, with the Council; scrutinising other EU institutions, particularly the Commission, to make sure they are working democratically, as well as debating and adopting the EU\u2019s budget, with the Council. Basically, it exercises the legislative function of the EU. In special legislative procedures, the EP may be either consulted or its consent may be required; however, the EP has no power to amend the act.<\/p>\n<p>Moreover, the EP monitors the activities of the Commission, through the asking of questions and the establishment of Committees of Inquiry, as well as appointing the President of the Commission. The EP also gives its opinion on the topics on the agenda of summits of the European council. Thus, one must understand that although the EP, the Commission and the Council are separate institutions, they are interlaced and work closely together.<\/p>\n<p>The upcoming EP elections will take place from the 23<sup>rd<\/sup> to the 26<sup>th<\/sup> May 2019 all over the 27 countries of the EU. In Malta, the elections will take place on Saturday, the 25<sup>th<\/sup> of May 2019. The voters must remember that during the EP elections there are no districts, and one can vote for whoever s\/he wants coming from any part of Malta. In fact, living in Mellie\u0127a, Senglea or Gozo makes you all eligible to vote for the same candidate.<\/p>\n<p>All foreigners that are EU citizens and that are residing in Malta, would have filled in a form at the beginning, where they would have chosen whether to vote in the country of their citizenship or in the country where they live with regard to these type of elections.\u00a0 A lot of foreigners choose to vote in the state they live in.\u00a0 Therefore, a lot of EU citizens vote in Malta in this election, although they are not Maltese citizens.<\/p>\n<p>Maltese citizens living in EU countries would also have made the same decision, and therefore these too vote locally according to what they had decided originally.<\/p>\n<p>Non-EU foreigners, including UK citizens, can only vote if they are eligible to vote in the general elections.<\/p>\n<p>In the EP election 2019 voters aged 16 to 18 will also be voting for the first time. Malta is the second country in the EU which has lowered the voting age to sixteen.<\/p>\n<p>On the same day as the EP election there will also be the Local Council elections.\u00a0 Whoever is eligible to vote in the EP election is also eligible to vote in the Local Council election, including EU citizens living in Malta and 16-year olds.<\/p>\n<p>In other words, all those enlisted in the last Electoral Register as published by the Malta Electoral Commission prior to May 2019 can vote for the EP elections.<\/p>\n<p>Whatever the case may be, if you have any doubt whether you yourself, a member of your family or friend have the right to vote, you can contact Lorna Vassallo on <a href=\"http:\/\/www.facebook.com\/lejnmaltaaaa\">www.facebook.com\/lejnmaltaaaa<\/a> (Lorna Vassallo Page), phone on 79443906 or send an email to\u00a0 <a href=\"mailto:vassallolorna@gmail.com\">vassallolorna@gmail.com<\/a>\u00a0 writing down the name, surname, locality and ID Card No of the person whose eligibility you are enquiring about.<\/p>\n<p>For more information see<\/p>\n<p><a href=\"https:\/\/www.gov.mt\/en\/Life%20Events\/resformalities\/Pages\/Elections.aspx\">https:\/\/www.gov.mt\/en\/Life%20Events\/resformalities\/Pages\/Elections.aspx<\/a>[\/vc_column_text][\/vc_tta_section][\/vc_tta_tour][\/vc_column][\/vc_row]\n<\/p>","protected":false},"excerpt":{"rendered":"<p>[vc_row][vc_column][vc_tta_tour][vc_tta_section title=&#8221;Maltese&#8221; tab_id=&#8221;1537711279219-f63557b4-050a&#8221;][vc_column_text]Il-Parlament Ewropew (PE) huwa l-unika istituzzjoni tal-Unjoni Ewropea eletta direttament mill-poplu.\u00a0 Kull Stat Membru jivvota sabiex itella\u2019 l-Membri Parlamentari Ewropej tieg\u0127u.\u00a0 G\u0127alhekk dan jag\u0127milha, l-aktar istituzzjoni demokratika.\u00a0 Il-PE g\u0127andu tliet rwoli prin\u010bipali li jinkludu: id-dibattiti u l-pro\u010bess sabiex tg\u0127addi le\u0121islazzjoni tal-UE, flimkien mal-Kunsill; l-iskrutinizzar ta\u2019 istituzzjonijiet o\u0127ra tal-UE, partikularment tal-Kummissjoni, sabiex jassigura li<\/p>\n<div class=\"padding-top text-center\"><a href=\"http:\/\/vassallolorna.com\/web\/european-parliament\/\" class=\"atbtn atbtn--medium atbtn--rounded atbtn--transparent\">Read more<i class=\"atbtn__icon atbtn__icon--right fa fa-long-arrow-right\"><\/i><\/a><\/div>\n","protected":false},"author":1,"featured_media":0,"parent":0,"menu_order":0,"comment_status":"closed","ping_status":"closed","template":"","meta":[],"_links":{"self":[{"href":"http:\/\/vassallolorna.com\/web\/wp-json\/wp\/v2\/pages\/762"}],"collection":[{"href":"http:\/\/vassallolorna.com\/web\/wp-json\/wp\/v2\/pages"}],"about":[{"href":"http:\/\/vassallolorna.com\/web\/wp-json\/wp\/v2\/types\/page"}],"author":[{"embeddable":true,"href":"http:\/\/vassallolorna.com\/web\/wp-json\/wp\/v2\/users\/1"}],"replies":[{"embeddable":true,"href":"http:\/\/vassallolorna.com\/web\/wp-json\/wp\/v2\/comments?post=762"}],"version-history":[{"count":2,"href":"http:\/\/vassallolorna.com\/web\/wp-json\/wp\/v2\/pages\/762\/revisions"}],"predecessor-version":[{"id":765,"href":"http:\/\/vassallolorna.com\/web\/wp-json\/wp\/v2\/pages\/762\/revisions\/765"}],"wp:attachment":[{"href":"http:\/\/vassallolorna.com\/web\/wp-json\/wp\/v2\/media?parent=762"}],"curies":[{"name":"wp","href":"https:\/\/api.w.org\/{rel}","templated":true}]}}