{"id":609,"date":"2018-09-16T18:49:32","date_gmt":"2018-09-16T18:49:32","guid":{"rendered":"http:\/\/vassallolorna.com\/web\/?page_id=609"},"modified":"2018-09-22T09:18:31","modified_gmt":"2018-09-22T09:18:31","slug":"how-you-can-help","status":"publish","type":"page","link":"http:\/\/vassallolorna.com\/web\/how-you-can-help\/","title":{"rendered":"How you can help"},"content":{"rendered":"[vc_row][vc_column]<div class=\"title title--underline title--decoration-bottom-left\">\n\t\t<h3 class=\"title__primary\">Become a Volunteer<\/h3>\n<\/div>\n[vc_column_text]Kampanja politika hija ferm kumplessa u impenjattiva.\u00a0 Per\u00f2 hija wkoll mimlija b\u2019esperjenzi, emozzjonijiet, mumenti ta\u2019 gratifikazzjoni, fer\u0127 u elettri\u010bit\u00e0.\u00a0 Jekk inti tixtieq taqsam dan kollu ma\u2019 Lorna, nixtiequ niltaqg\u0127u mieg\u0127ek.\u00a0 Voluntiera huma me\u0127tie\u0121a f\u2019kull qasam.\u00a0 G\u0127alhekk, jekk Lorna g\u0127enitek jew sempli\u010bement temmen fil-valuri, kwalitajiet, abbiltajiet u sin\u010berit\u00e0 tag\u0127ha ersaq \u2019il quddiem u g\u0127idilna f\u2019liema oqsma inti l-iktar interessat\/a li tg\u0127inna.\u00a0 G\u0127andna b\u017conn nies li jistg\u0127u jg\u0127inuna:\n<p>&nbsp;<\/p>\n<ul>\n<li>Fil-bejg\u0127 ta\u2019 biljetti tal-attivitajiet<\/li>\n<li>Fil-bejg\u0127 tal-biljetti tal-lotterija<\/li>\n<li>Preparamenti tal-attivitajiet<\/li>\n<li>Insibu sponsors<\/li>\n<li>Jag\u0127mlu telefonati<\/li>\n<li>Jg\u0127inuna fil-kampanja bieb bieb<\/li>\n<li>Xufiera<\/li>\n<li>Fotografi<\/li>\n<li>Xog\u0127ol tal-uffi\u010b\u010bju<\/li>\n<li>Xog\u0127ol tad-dar<\/li>\n<\/ul>\n<p>&nbsp;<\/p>\n<p>Jekk g\u0127andek kwalitajiet o\u0127ra mhumiex imsemmijin hawn u xorta temmen li tista\u2019 tg\u0127in, xorta nilqg\u0127uk fit-tim.<\/p>\n<p>Ikkuntattja lil Lorna u t-tim tag\u0127ha fuq <a href=\"http:\/\/www.facebook.com\/lejnmaltaaaa\">www.facebook.com\/lejnmaltaaaa<\/a> (Lorna Vassallo Page), \u010bempel jew ibg\u0127at sms 79443906 jew imejl lil\u00a0 <a href=\"mailto:vassallolorna@gmail.com\">vassallolorna@gmail.com<\/a> jew billi tu\u017ca s-sezzjoni ta\u2019 kuntatt f\u2019dan is-sit elettroniku u g\u0127idilna ismek u n-numru tal-mowbajl \u0127alli nkun nistg\u0127u nirran\u0121aw appuntament mieg\u0127ek u nsibu l-a\u0127jar mezz kif tista\u2019 tg\u0127inna.<\/p>\n<p>&nbsp;<\/p>\n<p><em>A political campaign is very tiring and complex.\u00a0 However it is also jam-packed with experiences, emotions, rewarding moments, joy and vibe.\u00a0 If you want to share all this with Lorna, we would like to meet you.\u00a0\u00a0 Volunteers are needed in all fields.\u00a0 So if Lorna has helped you or if you simply fully believe in her values, qualities, abilities and sincerity just step forward and tell us in which areas you\u2019re interested in helping us in.\u00a0 We need people who are willing to help us with:<\/em><\/p>\n<p><em>\u00a0<\/em><\/p>\n<ul>\n<li><em>Selling activity tickets<\/em><\/li>\n<li><em>Selling lottery tickets <\/em><\/li>\n<li><em>Preparation for activities<\/em><\/li>\n<li><em>Finding sponsors<\/em><\/li>\n<li><em>Doing phone calls<\/em><\/li>\n<li><em>Door-to-door helpers<\/em><\/li>\n<li><em>Drivers <\/em><\/li>\n<li><em>Photographers<\/em><\/li>\n<li><em>Office work <\/em><\/li>\n<li><em>Housework tasks<\/em><\/li>\n<\/ul>\n<p>&nbsp;<\/p>\n<p><em>If you have other qualities which you think could be useful in helping Lorna with her campaign, we still welcome you aboard. <\/em><\/p>\n<p>&nbsp;<\/p>\n<p><em>Please contact Lorna and her\u00a0 team on <a href=\"http:\/\/www.facebook.com\/lejnmaltaaaa\">www.facebook.com\/lejnmaltaaaa<\/a> (Lorna Vassallo Page), phone\/sms 79443906 or email\u00a0 <a href=\"mailto:vassallolorna@gmail.com\">vassallolorna@gmail.com<\/a> or by using the \u2018Contact us\u2019 section on this website telling us your name and mobile number and we will fix an appointment with you to find the best way you can help our team. <\/em>[\/vc_column_text][\/vc_column][\/vc_row][vc_row][vc_column]<div class=\"title title--underline title--decoration-bottom-left\">\n\t\t<h3 class=\"title__primary\">Sponsor<\/h3>\n<\/div>\n[vc_column_text]Inti negozjant, ta\u0127dem mid-dar, g\u0127andek xi passatemp fejn tipprodu\u010bi o\u0121\u0121etti bl-idejn?\u00a0 M\u2019g\u0127andekx \u0127in ti\u010b\u010baqlaq imma xorta tixtieq tg\u0127in lil Lorna Vassallo?\u00a0 Forsi tista\u2019 tg\u0127inna xorta billi tag\u0127tina sponsor? Forsi fil-verit\u00e0 ma tantx tinteressak il-politika imma qed tfittex modi \u0121odda kif tag\u0127mel reklami b\u2019ir\u0127is u tkabbar il-ba\u017ci ta\u2019 klijenti tieg\u0127ek?\u00a0 Il-lista ta\u2019 \u0127wienet u persuni li di\u0121\u00e0 jisponsorjaw lil Lorna Vassallo hija twila.\u00a0\u00a0 Sponsors li jag\u0127tu vaw\u010bers\/servizzi ta\u2019 valur iktar minn \u20ac100 mhux biss ji\u0121u inklu\u017ci f\u2019dan is-sit elettroniku i\u017cda jgawdu wkoll minn pubbli\u010bit\u00e0 spissa permezz ta\u2019 posts fuq il-pa\u0121na ta\u2019 Facebook ta\u2019 Lorna Vassallo (<a href=\"http:\/\/www.facebook.com\/lejnmaltaaaa\">www.facebook.com\/lejnmaltaaaa<\/a>) li sal-lum ti\u0121i segwita minn madwar g\u0127axart elef u erba\u2019 mitt persuna Maltija jew li toqg\u0127od Malta (10,400+) kif ukoll fuq il-profili tal-Facebook tag\u0127ha li jattiraw iktar minn \u0127amest elef persuna kull wie\u0127ed.\u00a0 Dan meta \u010b-\u010birkolazzjoni ta\u2019 \u0127afna mill-gazzetti Maltin ta\u2019 kuljum hija ta\u2019 tlieta u g\u0127oxrin (23,000).<\/p>\n<p>Per\u00f2 ebda sponsor ma huwa obbligat li jissemma. U\u0127ud jissemmew fis-sala tal-attivitajiet biss jew sa\u0127ansitra mar-rebbie\u0127 li reba\u0127 il-vaw\u010ber biss.\u00a0 Sponsors o\u0127ra offrew servizzi b\u2019xejn e.g. trasport b\u2019xejn, g\u0127ajnuna mill-uffi\u010b\u010bju tag\u0127hom e\u010b\u010b.\u00a0 Diversi sponsors minn tag\u0127na di\u0121\u00e0 reb\u0127u klijenti regulari leali \u0121odda permezz ta\u2019 rebbie\u0127a waqt attivitajiet ta\u2019 Lorna Vassallo.\u00a0 Ag\u0127ti \u0127arsa lejn il-vaw\u010bers ta\u2019 sponsors o\u0127ra u idde\u010biedi jekk tixtieqx tg\u0127in lil Lorna Vassallo b\u2019dan il-mod.\u00a0 Normalment l-uffi\u010b\u010bju tag\u0127na jipprepara l-vaw\u010bers hu g\u0127all-isponsors u g\u0127alhekk m\u2019hemmx b\u017conn li l-vaw\u010bers ikunu ppreparati jew iffirmati minnek.<\/p>\n<p>Tista\u2019 tikkuntattjana dwar dan fuq <a href=\"http:\/\/www.facebook.com\/lejnmaltaaaa\">www.facebook.com\/lejnmaltaaaa<\/a> (Lorna Vassallo Page), 79443906 jew <a href=\"mailto:vassallolorna@gmail.com\">vassallolorna@gmail.com<\/a> jew billi tu\u017ca s-sezzjoni ta\u2019 kuntatt f\u2019dan is-sit elettroniku u nikkuntattjawk lura.\u00a0 Nirringrazzjawk bil-quddiem tal-g\u0127ajnuna tieg\u0127ek.<\/p>\n<p>&nbsp;<\/p>\n<p><em>Are you a businessperson?\u00a0 Or work from your own home?\u00a0 Or have a hobby where you produce handcrafts?\u00a0 You don\u2019t have time to spend outside your home or place of work but would still love to help Lorna Vassallo? Perhaps you could still help us by sponsoring the campaign. Maybe you\u2019re not so interested in politics in reality but you are still seeking cheap ways of advertising and expanding your client base? The list of businesses that sponsor Lorna Vassallo is already a long one.\u00a0 All sponsors that donate vouchers\/services exceeding the value of \u20ac100 are not only included on this website but also benefit from frequent posts on Lorna Vassallo\u2019s Facebook Page (<a href=\"http:\/\/www.facebook.com\/lejnmaltaaaa\">www.facebook.com\/lejnmaltaaaa<\/a>) which is liked by more than ten thousand and four hundred (10,400+) Maltese people or people living in Malta to date as well as Lorna Vassallo\u2019s profiles which have 5,000 friends each.\u00a0 All this when the circulation of most of the Maltese printed daily newspapers is twenty three thousand (23,000). <\/em><\/p>\n<p><em>However none of our sponsors are obliged to be mentioned.\u00a0 Some of our sponsors prefer to be mentioned at the activity hall only or with the winner of the voucher only.\u00a0 Other sponsors just offered us free services such as free transport or free help from their own office.\u00a0 Some of our sponsors have already gained new regular faithful clients thanks to the winners at Lorna Vassallo\u2019s activities.\u00a0 Have a look at the vouchers offered by other sponsors and decide whether you\u2019d like to help Lorna Vassallo this way.\u00a0 In most cases it is our office that prepares the vouchers for you and therefore there isn\u2019t even the need for you to prepare or sign anything.\u00a0 <\/em><\/p>\n<p><em>You can contact Lorna and her\u00a0 team on <a href=\"http:\/\/www.facebook.com\/lejnmaltaaaa\">www.facebook.com\/lejnmaltaaaa<\/a> (Lorna Vassallo Page), 79443906 or\u00a0 <a href=\"mailto:vassallolorna@gmail.com\">vassallolorna@gmail.com<\/a> or by using the \u2018Contact us\u2019 section on this website and we will get back to you.\u00a0 We thank you in advance for your help.<\/em>[\/vc_column_text][\/vc_column][\/vc_row][vc_row][vc_column]<div class=\"title title--underline title--decoration-bottom-left\">\n\t\t<h3 class=\"title__primary\">Advertise<\/h3>\n<\/div>\n[vc_column_text]Taf li l-prodott jew servizz tieg\u0127ek ma jintu\u017cax minn kul\u0127add g\u0127aliex huwa spe\u010bjalizzat e\u017c. Lezzjonijiet tal-kitarra jew tal-pjanu?\u00a0 Prodotti tas-sajd? Jew tipprovdi servizzi li jqumu wisq flus e.g. kostruzzjoni?\u00a0 Jew ma tixtieqx iktar xog\u0127ol milli g\u0127andek? Taf li vaw\u010bers li tajt fil-passat ma ssarrfux?\u00a0 Forsi tixtieq tag\u0127mel reklami fuq il-Pa\u0121na tal-Facebook<em> (<a href=\"http:\/\/www.facebook.com\/lejnmaltaaaa\">www.facebook.com\/lejnmaltaaaa<\/a>) <\/em>ta\u2019 Lorna Vassallo li g\u0127andha iktar minn 10,400 \u2018<em>like<\/em>\u2019 u l-profili tag\u0127ha li g\u0127andhom 10,000 <em>\u2018friend\u2019 <\/em>biss<em>. <\/em>\u00a0\u00a0\u00a0Ikkuntattjana fuq <a href=\"http:\/\/www.facebook.com\/lejnmaltaaaa\">www.facebook.com\/lejnmaltaaaa<\/a> (Lorna Vassallo Page), 79443906 jew <a href=\"mailto:vassallolorna@gmail.com\">vassallolorna@gmail.com<\/a> jew permezz tas-sezzjoni ta\u2019 kuntatt hawnhekk \u0127alli nkunu nistg\u0127u niddiskutu.<\/p>\n<p><em>Is the product or service you sell too particular e.g. guitar or piano lessons?\u00a0 Fishing tackle? Or the services you offer are too expensive e.g. construction?\u00a0 Or you have more clients than you desire?\u00a0 Do you know that any vouchers you gave out weren\u2019t availed of in the past?\u00a0 Perhaps you can just go for advertising on Lorna\u2019s website, Facebook Page (<\/em><a href=\"http:\/\/www.facebook.com\/lejnmaltaaaa\">www.facebook.com\/lejnmaltaaaa<\/a>) <em>which has 10,400 likes and her Facebook profiles which have 10,000 friends<\/em><em>. Contact us on <a href=\"http:\/\/www.facebook.com\/lejnmaltaaaa\">www.facebook.com\/lejnmaltaaaa<\/a> (Lorna Vassallo Page), 79443906 or\u00a0 <a href=\"mailto:vassallolorna@gmail.com\">vassallolorna@gmail.com<\/a> or via the \u2018Contact us\u2019 section here so that we discuss. <\/em>[\/vc_column_text][\/vc_column][\/vc_row][vc_row][vc_column]<div class=\"title title--underline title--decoration-bottom-left\">\n\t\t<h3 class=\"title__primary\">Send an invitation<\/h3>\n<\/div>\n[vc_column_text]Inti membru ta\u2019 klabb, grupp jew kommunit\u00e0?\u00a0 Qed torganizza xi attivit\u00e0, kun\u010bert jew ikla bejn il-\u0127bieb jew il-familja?\u00a0 Tixtieq li Lorna Vassallo tkun pre\u017centi?\u00a0 Ibg\u0127atilna stedina fuq <em><a href=\"http:\/\/www.facebook.com\/lejnmaltaaaa\">www.facebook.com\/lejnmaltaaaa<\/a><\/em><em> (Lorna Vassallo Page),<\/em> <a href=\"mailto:vassallolorna@gmail.com\">vassallolorna@gmail.com<\/a> jew \u010bemplilna fuq 79443906 \u0127alli nkunu nistg\u0127u nipprovdulek l-indirizz postali tag\u0127na.<\/p>\n<p>&nbsp;<\/p>\n<p>Are you a member of a club, group or community?\u00a0 Are you organising an activity, concert or dinner amongst family or friends?\u00a0 Would you like Lorna to be present?\u00a0 Send us an invitation on <em><a href=\"http:\/\/www.facebook.com\/lejnmaltaaaa\">www.facebook.com\/lejnmaltaaaa<\/a><\/em><em> (Lorna Vassallo Page),<\/em> <a href=\"mailto:vassallolorna@gmail.com\">vassallolorna@gmail.com<\/a> or phone us on 79443906 so that we can give you our postal address.[\/vc_column_text][\/vc_column][\/vc_row][vc_row][vc_column]<div class=\"title title--underline title--decoration-bottom-left\">\n\t\t<h3 class=\"title__primary\">Donate<\/h3>\n<\/div>\n[vc_column_text]Tinsab impenjat\/a \u0127afna.\u00a0 M\u2019intix interessat fi sponsors jew reklami? Ma tixtieqx turi li qed tg\u0127in lil Lorna Vassallo?\u00a0 Jew ma tistax tidher li qed tg\u0127in min\u0127abba ra\u0121unijiet ta\u2019 xog\u0127ol jew ta\u2019 negozju?\u00a0 G\u0127alkemm il-pre\u017cenza tag\u0127kom waqt l-attivitajiet li norganizzaw matul il-kampanja hija ferm apprezzata, u g\u0127al kull attivit\u00e0 ji\u0121i pprovdut \u00a0trasport b\u2019xejn, jista\u2019 jkun li xorta wa\u0127da ma tistax tattendi.\u00a0 U g\u0127alkemm l-appo\u0121\u0121 pubbliku tag\u0127kom huwa l-aktar \u0127a\u0121a apprezzata, donazzjonijiet \u017cg\u0127ar biex jg\u0127inu lill-kampanja ta\u2019 Lorna ji\u0121u wkoll a\u010b\u010bettati.\u00a0 Madanakollu, \u00a0Lorna Vassallo tie\u0127u kull prekawzjoni sabiex ta\u010b\u010berta ru\u0127ha li g\u0127otjiet mog\u0127tija lilha huma \u0121enwini u mhuma marbuta mal-ebda pretensjonijiet minn min jag\u0127milhom.\u00a0 \u010aemplulna fuq 79443906 sabiex niddiskutu.<\/p>\n<p><em>Are you too busy?\u00a0\u00a0 Aren\u2019t you interested in sponsoring or publicity? Don\u2019t you want to show you\u2019re helping Lorna Vassallo? Or can\u2019t you show you\u2019re helping because of work or commercial reasons? Although your attendance to activities we organise during our campaign is highly appreciated, and free transport is offered for every activity, perhaps you still cannot attend.\u00a0 And although your open support is what is appreciated most, small donations to help with Lorna Vassallo\u2019s campaign are also accepted. However, Lorna Vassallo takes all precautions to ensure that donations are genuine and not tied to any expectations by the donor. Phone us on 79443906 to discuss. <\/em>[\/vc_column_text][\/vc_column][\/vc_row][vc_row][vc_column]<div class=\"title title--underline title--decoration-bottom-left\">\n\t\t<h3 class=\"title__primary\">Referrals<\/h3>\n<\/div>\n[vc_column_text]Taf b\u2019xi nies li je\u0127tie\u0121u l-g\u0127ajnuna tag\u0127na?\u00a0 Taf lil xi \u0127add li jista\u2019 jg\u0127inna b\u0127ala voluntier, sponsor, billi jag\u0127mel reklami jew jg\u0127in bi kwalunkwe mod ie\u0127or?\u00a0 Taf b\u2019xi attivit\u00e0 kbira li se ssir fil-lokalit\u00e0 tieg\u0127ek li Lorna Vassallo tista\u2019 tattendi g\u0127aliha?\u00a0 Xi nies li jixtiequ verament jattendu g\u0127all-attivitajiet imma ma jafux kif ser jikkuntattjawna?\u00a0 Kun \u010bert\/a li tibg\u0127atilna l-isem tal-persuna, klabb, negozju jew \u0127anut u n-numru tal-mowbajl fuq <a href=\"mailto:vassallolorna@gmail.com\">vassallolorna@gmail.com<\/a> jew 79443906\u00a0 sabiex inkunu nistg\u0127u nikkuntattjawhom a\u0127na stess.<\/p>\n<p><strong>\u00a0<\/strong><\/p>\n<p><em>Do you know any people who need our help? Do you know anybody who can become a volunteer, sponsor, advertise and help our campaign in any way? Do you know of any big event happening in your locality which Lorna can attend to?\u00a0 Any people who would really like to join us during our activities and don\u2019t know how to contact us?\u00a0 Make sure you send us the person\u2019s, club\u2019s, business\u2019s or shop\u2019s name and mobile number to <a href=\"mailto:vassallolorna@gmail.com\">vassallolorna@gmail.com<\/a> or 79443906 \u00a0so that we can contact them ourselves. <\/em>[\/vc_column_text][\/vc_column][\/vc_row]\n<\/p>","protected":false},"excerpt":{"rendered":"<p>[vc_row][vc_column][vc_column_text]Kampanja politika hija ferm kumplessa u impenjattiva.\u00a0 Per\u00f2 hija wkoll mimlija b\u2019esperjenzi, emozzjonijiet, mumenti ta\u2019 gratifikazzjoni, fer\u0127 u elettri\u010bit\u00e0.\u00a0 Jekk inti tixtieq taqsam dan kollu ma\u2019 Lorna, nixtiequ niltaqg\u0127u mieg\u0127ek.\u00a0 Voluntiera huma me\u0127tie\u0121a f\u2019kull qasam.\u00a0 G\u0127alhekk, jekk Lorna g\u0127enitek jew sempli\u010bement temmen fil-valuri, kwalitajiet, abbiltajiet u sin\u010berit\u00e0 tag\u0127ha ersaq \u2019il quddiem u g\u0127idilna f\u2019liema oqsma<\/p>\n<div class=\"padding-top text-center\"><a href=\"http:\/\/vassallolorna.com\/web\/how-you-can-help\/\" class=\"atbtn atbtn--medium atbtn--rounded atbtn--transparent\">Read more<i class=\"atbtn__icon atbtn__icon--right fa fa-long-arrow-right\"><\/i><\/a><\/div>\n","protected":false},"author":1,"featured_media":0,"parent":0,"menu_order":0,"comment_status":"closed","ping_status":"closed","template":"","meta":[],"_links":{"self":[{"href":"http:\/\/vassallolorna.com\/web\/wp-json\/wp\/v2\/pages\/609"}],"collection":[{"href":"http:\/\/vassallolorna.com\/web\/wp-json\/wp\/v2\/pages"}],"about":[{"href":"http:\/\/vassallolorna.com\/web\/wp-json\/wp\/v2\/types\/page"}],"author":[{"embeddable":true,"href":"http:\/\/vassallolorna.com\/web\/wp-json\/wp\/v2\/users\/1"}],"replies":[{"embeddable":true,"href":"http:\/\/vassallolorna.com\/web\/wp-json\/wp\/v2\/comments?post=609"}],"version-history":[{"count":13,"href":"http:\/\/vassallolorna.com\/web\/wp-json\/wp\/v2\/pages\/609\/revisions"}],"predecessor-version":[{"id":719,"href":"http:\/\/vassallolorna.com\/web\/wp-json\/wp\/v2\/pages\/609\/revisions\/719"}],"wp:attachment":[{"href":"http:\/\/vassallolorna.com\/web\/wp-json\/wp\/v2\/media?parent=609"}],"curies":[{"name":"wp","href":"https:\/\/api.w.org\/{rel}","templated":true}]}}